{"id":20,"date":"2025-05-17T07:20:04","date_gmt":"2025-05-17T07:20:04","guid":{"rendered":"https:\/\/lintingolo.it\/?page_id=20"},"modified":"2025-05-20T14:09:42","modified_gmt":"2025-05-20T14:09:42","slug":"chef","status":"publish","type":"page","link":"https:\/\/lintingolo.it\/index.php\/chef\/","title":{"rendered":"Chef"},"content":{"rendered":"\t\t<div data-elementor-type=\"wp-page\" data-elementor-id=\"20\" class=\"elementor elementor-20\" data-elementor-post-type=\"page\">\n\t\t\t\t<div class=\"elementor-element elementor-element-a5eb4af e-flex e-con-boxed e-con e-parent\" data-id=\"a5eb4af\" data-element_type=\"container\" data-e-type=\"container\">\n\t\t\t\t\t<div class=\"e-con-inner\">\n\t\t\t\t\t<\/div>\n\t\t\t\t<\/div>\n\t\t<div class=\"elementor-element elementor-element-296e8c6 e-flex e-con-boxed e-con e-parent\" data-id=\"296e8c6\" data-element_type=\"container\" data-e-type=\"container\">\n\t\t\t\t\t<div class=\"e-con-inner\">\n\t\t\t\t<div class=\"elementor-element elementor-element-165cd70 elementor-widget__width-initial elementor-widget elementor-widget-heading\" data-id=\"165cd70\" data-element_type=\"widget\" data-e-type=\"widget\" data-widget_type=\"heading.default\">\n\t\t\t\t<div class=\"elementor-widget-container\">\n\t\t\t\t\t<h2 class=\"elementor-heading-title elementor-size-default\">Chef<\/h2>\t\t\t\t<\/div>\n\t\t\t\t<\/div>\n\t\t\t\t<div class=\"elementor-element elementor-element-87e23b7 elementor-widget__width-initial elementor-widget elementor-widget-heading\" data-id=\"87e23b7\" data-element_type=\"widget\" data-e-type=\"widget\" data-widget_type=\"heading.default\">\n\t\t\t\t<div class=\"elementor-widget-container\">\n\t\t\t\t\t<h2 class=\"elementor-heading-title elementor-size-default\">La sezione Chef \u00e8 dedicata all\u2019anima della nostra cucina: vi presentiamo lo Chef Francisco, <\/h2>\t\t\t\t<\/div>\n\t\t\t\t<\/div>\n\t\t\t\t\t<\/div>\n\t\t\t\t<\/div>\n\t\t<div class=\"elementor-element elementor-element-a312546 e-flex e-con-boxed e-con e-parent\" data-id=\"a312546\" data-element_type=\"container\" data-e-type=\"container\">\n\t\t\t\t\t<div class=\"e-con-inner\">\n\t\t\t\t<div class=\"elementor-element elementor-element-47fa5c2 elementor-widget__width-initial elementor-widget elementor-widget-heading\" data-id=\"47fa5c2\" data-element_type=\"widget\" data-e-type=\"widget\" data-widget_type=\"heading.default\">\n\t\t\t\t<div class=\"elementor-widget-container\">\n\t\t\t\t\t<h2 class=\"elementor-heading-title elementor-size-default\">, colui che orchestra con maestria i sapori e le ricette de L\u2019Intingolo Astesano. Sin da giovane, Francisco ha coltivato un amore profondo per la cucina. Originario della Puglia, terra di sole e mare, \u00e8 cresciuto con i profumi del basilico fresco, dell\u2019olio d\u2019oliva e delle orecchiette fatte in casa. Allo stesso tempo, ha sempre nutrito curiosit\u00e0 verso la cucina del nord Italia, in particolare quella piemontese, famosa per i suoi sapori intensi e autentici. Questa duplice influenza \u2013 il calore mediterraneo e la solidit\u00e0 piemontese \u2013 \u00e8 diventata il tratto distintivo del suo stile culinario.<\/h2>\t\t\t\t<\/div>\n\t\t\t\t<\/div>\n\t\t\t\t\t<\/div>\n\t\t\t\t<\/div>\n\t\t<div class=\"elementor-element elementor-element-c2dc910 e-flex e-con-boxed e-con e-parent\" data-id=\"c2dc910\" data-element_type=\"container\" data-e-type=\"container\">\n\t\t\t\t\t<div class=\"e-con-inner\">\n\t\t\t\t\t<\/div>\n\t\t\t\t<\/div>\n\t\t<div class=\"elementor-element elementor-element-38d77d4 e-flex e-con-boxed e-con e-parent\" data-id=\"38d77d4\" data-element_type=\"container\" data-e-type=\"container\">\n\t\t\t\t\t<div class=\"e-con-inner\">\n\t\t<div class=\"elementor-element elementor-element-be19c1b e-con-full e-flex e-con e-child\" data-id=\"be19c1b\" data-element_type=\"container\" data-e-type=\"container\">\n\t\t\t\t<div class=\"elementor-element elementor-element-bf3f467 elementor-widget__width-initial elementor-widget elementor-widget-heading\" data-id=\"bf3f467\" data-element_type=\"widget\" data-e-type=\"widget\" data-widget_type=\"heading.default\">\n\t\t\t\t<div class=\"elementor-widget-container\">\n\t\t\t\t\t<h2 class=\"elementor-heading-title elementor-size-default\">Dopo gli studi alberghieri e anni di esperienza sul campo (dal ristorante di famiglia alle cucine di prestigiosi locali in Italia e all\u2019estero), Francisco ha deciso di mettere radici ad Asti e aprire L\u2019Intingolo Astesano nel 2015 insieme a Mara, sua compagna nella vita e nel lavoro. Da allora, Chef Francisco ogni giorno indossa la giacca bianca con il logo del locale e crea piatti che parlano di territorio e creativit\u00e0. La sua filosofia in cucina pu\u00f2 riassumersi in tre parole: tradizione, passione e innovazione. Tradizione, perch\u00e9 parte sempre dalla riscoperta delle ricette tipiche \u2013 come i tajarin al rag\u00f9 bianco, la bagna cauda, il vitello tonnato \u2013 studiandone la storia e rispettandone l\u2019essenza. Passione<\/h2>\t\t\t\t<\/div>\n\t\t\t\t<\/div>\n\t\t\t\t<\/div>\n\t\t<div class=\"elementor-element elementor-element-653040c e-con-full e-flex e-con e-child\" data-id=\"653040c\" data-element_type=\"container\" data-e-type=\"container\">\n\t\t\t\t<div class=\"elementor-element elementor-element-9989b48 elementor-widget elementor-widget-image\" data-id=\"9989b48\" data-element_type=\"widget\" data-e-type=\"widget\" data-widget_type=\"image.default\">\n\t\t\t\t<div class=\"elementor-widget-container\">\n\t\t\t\t\t\t\t\t\t\t\t\t\t\t\t<img fetchpriority=\"high\" decoding=\"async\" width=\"831\" height=\"629\" src=\"https:\/\/lintingolo.it\/wp-content\/uploads\/2025\/05\/WhatsApp-Image-2025-04-25-at-22.39.58-3.png\" class=\"attachment-large size-large wp-image-380\" alt=\"\" \/>\t\t\t\t\t\t\t\t\t\t\t\t\t\t\t<\/div>\n\t\t\t\t<\/div>\n\t\t\t\t<\/div>\n\t\t\t\t\t<\/div>\n\t\t\t\t<\/div>\n\t\t<div class=\"elementor-element elementor-element-e53dbc4 e-flex e-con-boxed e-con e-parent\" data-id=\"e53dbc4\" data-element_type=\"container\" data-e-type=\"container\">\n\t\t\t\t\t<div class=\"e-con-inner\">\n\t\t\t\t<div class=\"elementor-element elementor-element-4206103 elementor-widget__width-initial elementor-widget elementor-widget-heading\" data-id=\"4206103\" data-element_type=\"widget\" data-e-type=\"widget\" data-widget_type=\"heading.default\">\n\t\t\t\t<div class=\"elementor-widget-container\">\n\t\t\t\t\t<h2 class=\"elementor-heading-title elementor-size-default\">, perch\u00e9 \u00e8 il motore che lo spinge a migliorarsi continuamente: lo vedrete spesso fare capolino in sala per osservare la reazione degli ospiti al primo assaggio di un nuovo piatto, oppure intrattenersi a fine serata con un cliente che chiede curiosit\u00e0 sulla ricetta, segno del suo coinvolgimento totale. Innovazione, perch\u00e9 ama sperimentare: che sia abbinare il pesce spada a ingredienti della tradizione locale (come nel suo tortello cacio e pepe con spada e carciofi) o creare nuove pizze gourmet con farine speciali e condimenti inediti, Francisco non smette mai di immaginare e provare qualcosa di nuovo.\n<\/h2>\t\t\t\t<\/div>\n\t\t\t\t<\/div>\n\t\t\t\t\t<\/div>\n\t\t\t\t<\/div>\n\t\t<div class=\"elementor-element elementor-element-00511bc e-flex e-con-boxed e-con e-parent\" data-id=\"00511bc\" data-element_type=\"container\" data-e-type=\"container\">\n\t\t\t\t\t<div class=\"e-con-inner\">\n\t\t\t\t\t<\/div>\n\t\t\t\t<\/div>\n\t\t<div class=\"elementor-element elementor-element-6cedc41 e-flex e-con-boxed e-con e-parent\" data-id=\"6cedc41\" data-element_type=\"container\" data-e-type=\"container\">\n\t\t\t\t\t<div class=\"e-con-inner\">\n\t\t<div class=\"elementor-element elementor-element-affc014 e-con-full e-flex e-con e-child\" data-id=\"affc014\" data-element_type=\"container\" data-e-type=\"container\">\n\t\t\t\t<div class=\"elementor-element elementor-element-4b36b71 elementor-widget elementor-widget-image\" data-id=\"4b36b71\" data-element_type=\"widget\" data-e-type=\"widget\" data-widget_type=\"image.default\">\n\t\t\t\t<div class=\"elementor-widget-container\">\n\t\t\t\t\t\t\t\t\t\t\t\t\t\t\t<img decoding=\"async\" width=\"831\" height=\"801\" src=\"https:\/\/lintingolo.it\/wp-content\/uploads\/2025\/05\/WhatsApp-Image-2025-04-25-at-22.39.58-2-1.png\" class=\"attachment-large size-large wp-image-381\" alt=\"\" \/>\t\t\t\t\t\t\t\t\t\t\t\t\t\t\t<\/div>\n\t\t\t\t<\/div>\n\t\t\t\t<\/div>\n\t\t<div class=\"elementor-element elementor-element-8aa540d e-con-full e-flex e-con e-child\" data-id=\"8aa540d\" data-element_type=\"container\" data-e-type=\"container\">\n\t\t\t\t<div class=\"elementor-element elementor-element-2bed21d elementor-widget__width-initial elementor-widget elementor-widget-heading\" data-id=\"2bed21d\" data-element_type=\"widget\" data-e-type=\"widget\" data-widget_type=\"heading.default\">\n\t\t\t\t<div class=\"elementor-widget-container\">\n\t\t\t\t\t<h2 class=\"elementor-heading-title elementor-size-default\">Ma la sua innovazione \u00e8 sempre al servizio del gusto e dell\u2019equilibrio. \u201cNon c\u2019\u00e8 nulla di pi\u00f9 moderno di una tradizione ben eseguita\u201d, ama ripetere. Per questo i suoi piatti sorprendono senza mai tradire le aspettative: un risotto pu\u00f2 essere arricchito da polvere di caff\u00e8 per dargli una nota tostata, ma troverete sempre la mantecatura perfetta di scuola piemontese; una pizza gourmet pu\u00f2 osare con accostamenti dolce-salato, ma l\u2019impasto avr\u00e0 sempre il sapore del pane buono di una volta. Francisco \u00e8 un artigiano del gusto: seleziona personalmente le materie prime (lo vedrete ogni settimana girare tra i banchi del Mercato Coperto di Asti a caccia di funghi porcini o di verdure appena colte), lavora a stretto contatto con fornitori locali e assaggia, corregge, affina ogni ricetta fino a raggiungere l\u2019armonia.<\/h2>\t\t\t\t<\/div>\n\t\t\t\t<\/div>\n\t\t\t\t<\/div>\n\t\t\t\t\t<\/div>\n\t\t\t\t<\/div>\n\t\t<div class=\"elementor-element elementor-element-ab74bff e-flex e-con-boxed e-con e-parent\" data-id=\"ab74bff\" data-element_type=\"container\" data-e-type=\"container\">\n\t\t\t\t\t<div class=\"e-con-inner\">\n\t\t\t\t\t<\/div>\n\t\t\t\t<\/div>\n\t\t<div class=\"elementor-element elementor-element-17c48cf e-flex e-con-boxed e-con e-parent\" data-id=\"17c48cf\" data-element_type=\"container\" data-e-type=\"container\">\n\t\t\t\t\t<div class=\"e-con-inner\">\n\t\t<div class=\"elementor-element elementor-element-2b644ff e-con-full e-flex e-con e-child\" data-id=\"2b644ff\" data-element_type=\"container\" data-e-type=\"container\">\n\t\t\t\t<div class=\"elementor-element elementor-element-0ad9ac6 elementor-widget__width-initial elementor-widget elementor-widget-heading\" data-id=\"0ad9ac6\" data-element_type=\"widget\" data-e-type=\"widget\" data-widget_type=\"heading.default\">\n\t\t\t\t<div class=\"elementor-widget-container\">\n\t\t\t\t\t<h2 class=\"elementor-heading-title elementor-size-default\">Oltre alla tecnica, ci\u00f2 che contraddistingue il nostro Chef \u00e8 l\u2019amore per l\u2019ospitalit\u00e0. Per lui cucinare non significa solo preparare da mangiare, ma prendersi cura delle persone. \u00c8 il tipo di chef che impiatta con precisione artistica e allo stesso tempo non esita a uscire in sala a fine servizio per chiedere: \u201cVi \u00e8 piaciuto il brasato? Avete ancora un posticino per il dolce?\u201d. La soddisfazione degli ospiti \u00e8 il suo primo pensiero. Insieme a Mara, che gestisce la sala, forma un duo inscindibile: entrambi credono nell\u2019importanza di creare un rapporto diretto con la clientela. Non \u00e8 raro che accolgano habitu\u00e9 per nome, chiedendo notizie della famiglia, o che offrano un assaggio fuori menu a chi dimostra particolare curiosit\u00e0. Questa dimensione umana \u00e8 parte integrante della filosofia dello chef e del ristorante.<\/h2>\t\t\t\t<\/div>\n\t\t\t\t<\/div>\n\t\t\t\t<\/div>\n\t\t<div class=\"elementor-element elementor-element-010fea4 e-con-full e-flex e-con e-child\" data-id=\"010fea4\" data-element_type=\"container\" data-e-type=\"container\">\n\t\t\t\t<div class=\"elementor-element elementor-element-8ad6270 elementor-widget elementor-widget-image\" data-id=\"8ad6270\" data-element_type=\"widget\" data-e-type=\"widget\" data-widget_type=\"image.default\">\n\t\t\t\t<div class=\"elementor-widget-container\">\n\t\t\t\t\t\t\t\t\t\t\t\t\t\t\t<img decoding=\"async\" width=\"831\" height=\"803\" src=\"https:\/\/lintingolo.it\/wp-content\/uploads\/2025\/05\/WhatsApp-Image-2025-04-25-at-22.39.58-1-2.png\" class=\"attachment-large size-large wp-image-382\" alt=\"\" \/>\t\t\t\t\t\t\t\t\t\t\t\t\t\t\t<\/div>\n\t\t\t\t<\/div>\n\t\t\t\t<\/div>\n\t\t\t\t\t<\/div>\n\t\t\t\t<\/div>\n\t\t<div class=\"elementor-element elementor-element-e9b5df7 e-flex e-con-boxed e-con e-parent\" data-id=\"e9b5df7\" data-element_type=\"container\" data-e-type=\"container\">\n\t\t\t\t\t<div class=\"e-con-inner\">\n\t\t\t\t<div class=\"elementor-element elementor-element-96fc861 elementor-widget__width-initial elementor-widget elementor-widget-heading\" data-id=\"96fc861\" data-element_type=\"widget\" data-e-type=\"widget\" data-widget_type=\"heading.default\">\n\t\t\t\t<div class=\"elementor-widget-container\">\n\t\t\t\t\t<h2 class=\"elementor-heading-title elementor-size-default\">Nel corso degli anni, Chef Francisco ha ricevuto riconoscimenti e attestati di stima: dalle recensioni entusiaste dei clienti, ai complimenti dei critici locali. Ma per lui il premio pi\u00f9 importante \u00e8 vedere i tavoli pieni e le persone felici. Ogni piatto che esce dalla sua cucina porta con s\u00e9 un pezzetto della sua storia \u2013 la Puglia e il Piemonte nel cuore \u2013 e la dedizione infinita per questo lavoro. Se avete la fortuna di scambiare due parole con lui quando venite a trovarci, vi colpir\u00e0 la sua modestia: preferisce far parlare i sapori al posto suo.<\/h2>\t\t\t\t<\/div>\n\t\t\t\t<\/div>\n\t\t\t\t\t<\/div>\n\t\t\t\t<\/div>\n\t\t<div class=\"elementor-element elementor-element-3599b88 e-flex e-con-boxed e-con e-parent\" data-id=\"3599b88\" data-element_type=\"container\" data-e-type=\"container\">\n\t\t\t\t\t<div class=\"e-con-inner\">\n\t\t\t\t\t<\/div>\n\t\t\t\t<\/div>\n\t\t<div class=\"elementor-element elementor-element-943d5e3 e-flex e-con-boxed e-con e-parent\" data-id=\"943d5e3\" data-element_type=\"container\" data-e-type=\"container\">\n\t\t\t\t\t<div class=\"e-con-inner\">\n\t\t<div class=\"elementor-element elementor-element-844ecd5 e-con-full e-flex e-con e-child\" data-id=\"844ecd5\" data-element_type=\"container\" data-e-type=\"container\">\n\t\t\t\t<div class=\"elementor-element elementor-element-94f2f90 elementor-widget elementor-widget-image\" data-id=\"94f2f90\" data-element_type=\"widget\" data-e-type=\"widget\" data-widget_type=\"image.default\">\n\t\t\t\t<div class=\"elementor-widget-container\">\n\t\t\t\t\t\t\t\t\t\t\t\t\t\t\t<img loading=\"lazy\" decoding=\"async\" width=\"831\" height=\"367\" src=\"https:\/\/lintingolo.it\/wp-content\/uploads\/2025\/05\/WhatsApp-Image-2025-04-25-at-22.45.49.png\" class=\"attachment-large size-large wp-image-383\" alt=\"\" \/>\t\t\t\t\t\t\t\t\t\t\t\t\t\t\t<\/div>\n\t\t\t\t<\/div>\n\t\t\t\t<\/div>\n\t\t<div class=\"elementor-element elementor-element-34be704 e-con-full e-flex e-con e-child\" data-id=\"34be704\" data-element_type=\"container\" data-e-type=\"container\">\n\t\t\t\t<div class=\"elementor-element elementor-element-5524e3e elementor-widget__width-initial elementor-widget elementor-widget-heading\" data-id=\"5524e3e\" data-element_type=\"widget\" data-e-type=\"widget\" data-widget_type=\"heading.default\">\n\t\t\t\t<div class=\"elementor-widget-container\">\n\t\t\t\t\t<h2 class=\"elementor-heading-title elementor-size-default\">Venite a conoscere di persona il nostro Chef e assaggiate le sue creazioni: capirete perch\u00e9 mettiamo il cuore in ogni piatto. L\u2019Intingolo Astesano non sarebbe lo stesso senza di lui e senza la passione che riesce a trasmettere a tutti noi e, soprattutto, ai nostri ospiti attraverso la cucina.\n<\/h2>\t\t\t\t<\/div>\n\t\t\t\t<\/div>\n\t\t\t\t<\/div>\n\t\t\t\t\t<\/div>\n\t\t\t\t<\/div>\n\t\t<div class=\"elementor-element elementor-element-f5696c7 e-flex e-con-boxed e-con e-parent\" data-id=\"f5696c7\" data-element_type=\"container\" data-e-type=\"container\">\n\t\t\t\t\t<div class=\"e-con-inner\">\n\t\t\t\t\t<\/div>\n\t\t\t\t<\/div>\n\t\t\t\t<\/div>\n\t\t","protected":false},"excerpt":{"rendered":"<p>Chef La sezione Chef \u00e8 dedicata all\u2019anima della nostra cucina: vi presentiamo lo Chef Francisco, , colui che orchestra con [&hellip;]<\/p>\n","protected":false},"author":1,"featured_media":0,"parent":0,"menu_order":0,"comment_status":"closed","ping_status":"closed","template":"","meta":{"site-sidebar-layout":"no-sidebar","site-content-layout":"","ast-site-content-layout":"full-width-container","site-content-style":"default","site-sidebar-style":"default","ast-global-header-display":"","ast-banner-title-visibility":"","ast-main-header-display":"","ast-hfb-above-header-display":"","ast-hfb-below-header-display":"","ast-hfb-mobile-header-display":"","site-post-title":"disabled","ast-breadcrumbs-content":"","ast-featured-img":"disabled","footer-sml-layout":"","ast-disable-related-posts":"","theme-transparent-header-meta":"","adv-header-id-meta":"","stick-header-meta":"","header-above-stick-meta":"","header-main-stick-meta":"","header-below-stick-meta":"","astra-migrate-meta-layouts":"default","ast-page-background-enabled":"default","ast-page-background-meta":{"desktop":{"background-color":"var(--ast-global-color-5)","background-image":"","background-repeat":"repeat","background-position":"center center","background-size":"auto","background-attachment":"scroll","background-type":"","background-media":"","overlay-type":"","overlay-color":"","overlay-opacity":"","overlay-gradient":""},"tablet":{"background-color":"","background-image":"","background-repeat":"repeat","background-position":"center center","background-size":"auto","background-attachment":"scroll","background-type":"","background-media":"","overlay-type":"","overlay-color":"","overlay-opacity":"","overlay-gradient":""},"mobile":{"background-color":"","background-image":"","background-repeat":"repeat","background-position":"center center","background-size":"auto","background-attachment":"scroll","background-type":"","background-media":"","overlay-type":"","overlay-color":"","overlay-opacity":"","overlay-gradient":""}},"ast-content-background-meta":{"desktop":{"background-color":"var(--ast-global-color-4)","background-image":"","background-repeat":"repeat","background-position":"center center","background-size":"auto","background-attachment":"scroll","background-type":"","background-media":"","overlay-type":"","overlay-color":"","overlay-opacity":"","overlay-gradient":""},"tablet":{"background-color":"var(--ast-global-color-4)","background-image":"","background-repeat":"repeat","background-position":"center center","background-size":"auto","background-attachment":"scroll","background-type":"","background-media":"","overlay-type":"","overlay-color":"","overlay-opacity":"","overlay-gradient":""},"mobile":{"background-color":"var(--ast-global-color-4)","background-image":"","background-repeat":"repeat","background-position":"center center","background-size":"auto","background-attachment":"scroll","background-type":"","background-media":"","overlay-type":"","overlay-color":"","overlay-opacity":"","overlay-gradient":""}},"footnotes":""},"class_list":["post-20","page","type-page","status-publish","hentry"],"_links":{"self":[{"href":"https:\/\/lintingolo.it\/index.php\/wp-json\/wp\/v2\/pages\/20","targetHints":{"allow":["GET"]}}],"collection":[{"href":"https:\/\/lintingolo.it\/index.php\/wp-json\/wp\/v2\/pages"}],"about":[{"href":"https:\/\/lintingolo.it\/index.php\/wp-json\/wp\/v2\/types\/page"}],"author":[{"embeddable":true,"href":"https:\/\/lintingolo.it\/index.php\/wp-json\/wp\/v2\/users\/1"}],"replies":[{"embeddable":true,"href":"https:\/\/lintingolo.it\/index.php\/wp-json\/wp\/v2\/comments?post=20"}],"version-history":[{"count":4,"href":"https:\/\/lintingolo.it\/index.php\/wp-json\/wp\/v2\/pages\/20\/revisions"}],"predecessor-version":[{"id":386,"href":"https:\/\/lintingolo.it\/index.php\/wp-json\/wp\/v2\/pages\/20\/revisions\/386"}],"wp:attachment":[{"href":"https:\/\/lintingolo.it\/index.php\/wp-json\/wp\/v2\/media?parent=20"}],"curies":[{"name":"wp","href":"https:\/\/api.w.org\/{rel}","templated":true}]}}