{"id":231,"date":"2025-05-19T13:27:51","date_gmt":"2025-05-19T13:27:51","guid":{"rendered":"https:\/\/lintingolo.it\/?page_id=231"},"modified":"2025-05-21T13:06:41","modified_gmt":"2025-05-21T13:06:41","slug":"chi-siamo","status":"publish","type":"page","link":"https:\/\/lintingolo.it\/index.php\/chi-siamo\/","title":{"rendered":"Chi Siamo"},"content":{"rendered":"\t\t<div data-elementor-type=\"wp-page\" data-elementor-id=\"231\" class=\"elementor elementor-231\" data-elementor-post-type=\"page\">\n\t\t\t\t<div class=\"elementor-element elementor-element-4a8ffba e-con-full e-flex e-con e-parent\" data-id=\"4a8ffba\" data-element_type=\"container\" data-e-type=\"container\" data-settings=\"{&quot;background_background&quot;:&quot;classic&quot;}\">\n\t\t\t\t<div class=\"elementor-element elementor-element-b4e523f elementor-widget elementor-widget-heading\" data-id=\"b4e523f\" data-element_type=\"widget\" data-e-type=\"widget\" data-widget_type=\"heading.default\">\n\t\t\t\t<div class=\"elementor-widget-container\">\n\t\t\t\t\t<h2 class=\"elementor-heading-title elementor-size-default\">Chi Siamo<\/h2>\t\t\t\t<\/div>\n\t\t\t\t<\/div>\n\t\t\t\t<div class=\"elementor-element elementor-element-780a33c elementor-widget__width-initial elementor-widget elementor-widget-heading\" data-id=\"780a33c\" data-element_type=\"widget\" data-e-type=\"widget\" data-widget_type=\"heading.default\">\n\t\t\t\t<div class=\"elementor-widget-container\">\n\t\t\t\t\t<h2 class=\"elementor-heading-title elementor-size-default\">L\u2019Intingolo Astesano nasce nel gennaio 2015 <\/h2>\t\t\t\t<\/div>\n\t\t\t\t<\/div>\n\t\t\t\t<div class=\"elementor-element elementor-element-63433c0 elementor-align-center elementor-widget elementor-widget-button\" data-id=\"63433c0\" data-element_type=\"widget\" data-e-type=\"widget\" data-widget_type=\"button.default\">\n\t\t\t\t<div class=\"elementor-widget-container\">\n\t\t\t\t\t\t\t\t\t<div class=\"elementor-button-wrapper\">\n\t\t\t\t\t<a class=\"elementor-button elementor-button-link elementor-size-sm\" href=\"https:\/\/www.freelancer.pk\/users\/l.php?url=https:%2F%2Fwww.google.com%2Fmaps%2Freserve%2Fv%2Fdine%2Fc%2Fni5JY6fhV98%3Fsource%3Dpa%26opi%3D89978449%26hl%3Dit-IT%26gei%3D_TcqaOE4m6OL6A_1tqCBCQ%26sourceurl%3Dhttps%253A%252F%252Fwww.google.com%252Fsearch%253Fq%253Dl%2527intingolo%252Bastesano%2526rlz%253D1CDGOYI_enDO1143DO1143%2526oq%253Dl%2527inti%2526gs_lcrp%253DEgZjaHJvbWUqEQgBEEUYJxg7GOMCGIAEGIoFMhgIABAuGCcYrwEYxwEYugIYgAQYigUYjgUyEQgBEEUYJxg7GOMCGIAEGIoFMgYIAhBFGD0yBggDEEUYOTIHCAQQABiABDIHCAUQABiABDIHCAYQABiABDIHCAcQABiABDIHCAgQABiABDIHCAkQABiABNIBCDI4NTNqMGo0qAITsAIB4gMEGAEgX_EFxfVTymWmw3U%2526hl%253Dit%2526sourceid%253Dchrome-mobile%2526ie%253DUTF-8%26ihs%3D3&#038;sig=a6236653b43d5a0c65419139c197f1a15eec3c47cd498abc19082f04b34f9bf9\" target=\"_blank\">\n\t\t\t\t\t\t<span class=\"elementor-button-content-wrapper\">\n\t\t\t\t\t\t<span class=\"elementor-button-icon\">\n\t\t\t\t<svg xmlns=\"http:\/\/www.w3.org\/2000\/svg\" width=\"35\" height=\"35\" viewBox=\"0 0 35 35\" fill=\"none\"><path d=\"M18.981 0.88916C13.5475 0.88916 8.74919 3.71172 5.96191 7.94556H6.03248C7.23207 7.94556 8.36109 8.4395 9.17257 9.25099C11.3601 6.21674 14.9588 4.27623 18.981 4.27623C25.6845 4.27623 31.118 9.70966 31.118 16.4132C31.118 20.4354 29.1422 24.0341 26.1432 26.2216C26.7077 26.7509 27.0958 27.4212 27.3075 28.1974C27.4134 28.6208 27.4486 29.0089 27.4486 29.4323C31.7178 26.645 34.505 21.8467 34.505 16.4132C34.505 7.87499 27.5545 0.88916 18.981 0.88916Z\" fill=\"white\"><\/path><path d=\"M24.52 14.7196H20.639V9.60369C20.639 8.65108 19.8628 7.91016 18.9455 7.91016C17.9929 7.91016 17.252 8.68636 17.252 9.60369V16.4484C17.252 17.401 18.0282 18.1419 18.9455 18.1419H24.4848C25.4374 18.1419 26.1783 17.3657 26.1783 16.4484C26.2136 15.4958 25.4374 14.7196 24.52 14.7196Z\" fill=\"white\"><\/path><path d=\"M23.6383 27.9505L18.8399 25.4808C18.1696 25.128 17.3228 25.3044 16.8641 25.9042L15.1 28.1622C13.3712 27.2449 12.0658 26.3629 10.5487 24.8457C8.9257 23.2228 8.07894 21.9173 7.19689 20.2238L9.41965 18.495C10.0194 18.0363 10.1959 17.1895 9.84304 16.5192L7.3733 11.7561C6.94991 10.9093 5.85617 10.6271 5.07997 11.1563L2.01043 13.2027C1.3048 13.6613 0.881411 14.5081 0.951975 15.3549C1.02254 16.2369 1.12839 17.3307 1.3048 18.1069C2.18684 21.5292 4.33905 25.0574 7.33801 28.0564C10.337 31.0554 13.8652 33.2076 17.2875 34.0896C18.0637 34.3013 19.1575 34.4071 20.0395 34.4424C20.8863 34.513 21.7331 34.0896 22.1917 33.3487L24.1675 30.2439C24.7673 29.4324 24.4851 28.3739 23.6383 27.9505Z\" fill=\"white\"><\/path><\/svg>\t\t\t<\/span>\n\t\t\t\t\t\t\t\t\t<span class=\"elementor-button-text\">Prenotazioni<\/span>\n\t\t\t\t\t<\/span>\n\t\t\t\t\t<\/a>\n\t\t\t\t<\/div>\n\t\t\t\t\t\t\t\t<\/div>\n\t\t\t\t<\/div>\n\t\t\t\t<\/div>\n\t\t<div class=\"elementor-element elementor-element-52db7a5 e-con-full e-flex e-con e-parent\" data-id=\"52db7a5\" data-element_type=\"container\" data-e-type=\"container\" data-settings=\"{&quot;background_background&quot;:&quot;classic&quot;}\">\n\t\t\t\t<div class=\"elementor-element elementor-element-86e049f elementor-widget__width-initial elementor-widget elementor-widget-heading\" data-id=\"86e049f\" data-element_type=\"widget\" data-e-type=\"widget\" data-widget_type=\"heading.default\">\n\t\t\t\t<div class=\"elementor-widget-container\">\n\t\t\t\t\t<h2 class=\"elementor-heading-title elementor-size-default\">L\u2019Intingolo Astesano nasce nel gennaio 2015 <\/h2>\t\t\t\t<\/div>\n\t\t\t\t<\/div>\n\t\t\t\t<div class=\"elementor-element elementor-element-27f13e3 elementor-widget__width-initial elementor-widget elementor-widget-heading\" data-id=\"27f13e3\" data-element_type=\"widget\" data-e-type=\"widget\" data-widget_type=\"heading.default\">\n\t\t\t\t<div class=\"elementor-widget-container\">\n\t\t\t\t\t<h2 class=\"elementor-heading-title elementor-size-default\">Francisco e Mara, hanno trasformato una passione comune in un progetto di vita: lui in cucina come chef creativo, lei in sala ad accogliere con il sorriso \u2013 una combinazione perfetta per far sentire ogni ospite come a casa. Fin dall\u2019apertura, la filosofia del locale \u00e8 chiara: proporre piatti della tradizione piemontese e specialit\u00e0 mediterranee rivisitate con estro, mantenendo per\u00f2 un forte legame con le radici del luogo e con la stagionalit\u00e0 degli ingredienti.<\/h2>\t\t\t\t<\/div>\n\t\t\t\t<\/div>\n\t\t\t\t<div class=\"elementor-element elementor-element-9ee667f elementor-align-center elementor-widget elementor-widget-button\" data-id=\"9ee667f\" data-element_type=\"widget\" data-e-type=\"widget\" data-widget_type=\"button.default\">\n\t\t\t\t<div class=\"elementor-widget-container\">\n\t\t\t\t\t\t\t\t\t<div class=\"elementor-button-wrapper\">\n\t\t\t\t\t<a class=\"elementor-button elementor-button-link elementor-size-sm\" href=\"https:\/\/www.freelancer.pk\/users\/l.php?url=https:%2F%2Fwww.google.com%2Fmaps%2Freserve%2Fv%2Fdine%2Fc%2Fni5JY6fhV98%3Fsource%3Dpa%26opi%3D89978449%26hl%3Dit-IT%26gei%3D_TcqaOE4m6OL6A_1tqCBCQ%26sourceurl%3Dhttps%253A%252F%252Fwww.google.com%252Fsearch%253Fq%253Dl%2527intingolo%252Bastesano%2526rlz%253D1CDGOYI_enDO1143DO1143%2526oq%253Dl%2527inti%2526gs_lcrp%253DEgZjaHJvbWUqEQgBEEUYJxg7GOMCGIAEGIoFMhgIABAuGCcYrwEYxwEYugIYgAQYigUYjgUyEQgBEEUYJxg7GOMCGIAEGIoFMgYIAhBFGD0yBggDEEUYOTIHCAQQABiABDIHCAUQABiABDIHCAYQABiABDIHCAcQABiABDIHCAgQABiABDIHCAkQABiABNIBCDI4NTNqMGo0qAITsAIB4gMEGAEgX_EFxfVTymWmw3U%2526hl%253Dit%2526sourceid%253Dchrome-mobile%2526ie%253DUTF-8%26ihs%3D3&#038;sig=a6236653b43d5a0c65419139c197f1a15eec3c47cd498abc19082f04b34f9bf9\" target=\"_blank\">\n\t\t\t\t\t\t<span class=\"elementor-button-content-wrapper\">\n\t\t\t\t\t\t<span class=\"elementor-button-icon\">\n\t\t\t\t<svg xmlns=\"http:\/\/www.w3.org\/2000\/svg\" width=\"35\" height=\"35\" viewBox=\"0 0 35 35\" fill=\"none\"><path d=\"M18.981 0.88916C13.5475 0.88916 8.74919 3.71172 5.96191 7.94556H6.03248C7.23207 7.94556 8.36109 8.4395 9.17257 9.25099C11.3601 6.21674 14.9588 4.27623 18.981 4.27623C25.6845 4.27623 31.118 9.70966 31.118 16.4132C31.118 20.4354 29.1422 24.0341 26.1432 26.2216C26.7077 26.7509 27.0958 27.4212 27.3075 28.1974C27.4134 28.6208 27.4486 29.0089 27.4486 29.4323C31.7178 26.645 34.505 21.8467 34.505 16.4132C34.505 7.87499 27.5545 0.88916 18.981 0.88916Z\" fill=\"white\"><\/path><path d=\"M24.52 14.7196H20.639V9.60369C20.639 8.65108 19.8628 7.91016 18.9455 7.91016C17.9929 7.91016 17.252 8.68636 17.252 9.60369V16.4484C17.252 17.401 18.0282 18.1419 18.9455 18.1419H24.4848C25.4374 18.1419 26.1783 17.3657 26.1783 16.4484C26.2136 15.4958 25.4374 14.7196 24.52 14.7196Z\" fill=\"white\"><\/path><path d=\"M23.6383 27.9505L18.8399 25.4808C18.1696 25.128 17.3228 25.3044 16.8641 25.9042L15.1 28.1622C13.3712 27.2449 12.0658 26.3629 10.5487 24.8457C8.9257 23.2228 8.07894 21.9173 7.19689 20.2238L9.41965 18.495C10.0194 18.0363 10.1959 17.1895 9.84304 16.5192L7.3733 11.7561C6.94991 10.9093 5.85617 10.6271 5.07997 11.1563L2.01043 13.2027C1.3048 13.6613 0.881411 14.5081 0.951975 15.3549C1.02254 16.2369 1.12839 17.3307 1.3048 18.1069C2.18684 21.5292 4.33905 25.0574 7.33801 28.0564C10.337 31.0554 13.8652 33.2076 17.2875 34.0896C18.0637 34.3013 19.1575 34.4071 20.0395 34.4424C20.8863 34.513 21.7331 34.0896 22.1917 33.3487L24.1675 30.2439C24.7673 29.4324 24.4851 28.3739 23.6383 27.9505Z\" fill=\"white\"><\/path><\/svg>\t\t\t<\/span>\n\t\t\t\t\t\t\t\t\t<span class=\"elementor-button-text\">Prenotazioni<\/span>\n\t\t\t\t\t<\/span>\n\t\t\t\t\t<\/a>\n\t\t\t\t<\/div>\n\t\t\t\t\t\t\t\t<\/div>\n\t\t\t\t<\/div>\n\t\t\t\t<\/div>\n\t\t<div class=\"elementor-element elementor-element-c1ac5c2 e-con-full e-flex e-con e-parent\" data-id=\"c1ac5c2\" data-element_type=\"container\" data-e-type=\"container\" data-settings=\"{&quot;background_background&quot;:&quot;classic&quot;}\">\n\t\t\t\t<div class=\"elementor-element elementor-element-04d3f4a elementor-widget__width-initial elementor-widget elementor-widget-heading\" data-id=\"04d3f4a\" data-element_type=\"widget\" data-e-type=\"widget\" data-widget_type=\"heading.default\">\n\t\t\t\t<div class=\"elementor-widget-container\">\n\t\t\t\t\t<h2 class=\"elementor-heading-title elementor-size-default\">In pochi anni il ristorante si \u00e8 evoluto, ampliando l\u2019offerta e gli spazi. Nel 2019 <\/h2>\t\t\t\t<\/div>\n\t\t\t\t<\/div>\n\t\t\t\t<div class=\"elementor-element elementor-element-97f6b6a elementor-widget__width-initial elementor-widget elementor-widget-heading\" data-id=\"97f6b6a\" data-element_type=\"widget\" data-e-type=\"widget\" data-widget_type=\"heading.default\">\n\t\t\t\t<div class=\"elementor-widget-container\">\n\t\t\t\t\t<h2 class=\"elementor-heading-title elementor-size-default\">abbiamo rinnovato gli interni per creare un\u2019atmosfera ancora pi\u00f9 confortevole e contemporanea, senza rinunciare al calore tipico piemontese. Dal 2024 siamo aperti tutti i giorni sia a pranzo sia a cena , segno del nostro impegno nel soddisfare le richieste dei clienti e diventare un punto fermo nella vita gastronomica astigiana. Oggi L\u2019Intingolo Astesano \u00e8 gestito da una squadra affiatata: chef Francisco guida la brigata di cucina con creativit\u00e0 e attenzione ai dettagli, mentre Mara e il team di sala curano ogni aspetto dell\u2019ospitalit\u00e0 per garantire un servizio amichevole ed elegante. Crediamo nel lavoro di squadra e nella formazione continua, per questo incoraggiamo il nostro staff a crescere professionalmente e a condividere idee nuove.\n<\/h2>\t\t\t\t<\/div>\n\t\t\t\t<\/div>\n\t\t\t\t<div class=\"elementor-element elementor-element-0197012 elementor-align-center elementor-widget elementor-widget-button\" data-id=\"0197012\" data-element_type=\"widget\" data-e-type=\"widget\" data-widget_type=\"button.default\">\n\t\t\t\t<div class=\"elementor-widget-container\">\n\t\t\t\t\t\t\t\t\t<div class=\"elementor-button-wrapper\">\n\t\t\t\t\t<a class=\"elementor-button elementor-button-link elementor-size-sm\" href=\"https:\/\/www.freelancer.pk\/users\/l.php?url=https:%2F%2Fwww.google.com%2Fmaps%2Freserve%2Fv%2Fdine%2Fc%2Fni5JY6fhV98%3Fsource%3Dpa%26opi%3D89978449%26hl%3Dit-IT%26gei%3D_TcqaOE4m6OL6A_1tqCBCQ%26sourceurl%3Dhttps%253A%252F%252Fwww.google.com%252Fsearch%253Fq%253Dl%2527intingolo%252Bastesano%2526rlz%253D1CDGOYI_enDO1143DO1143%2526oq%253Dl%2527inti%2526gs_lcrp%253DEgZjaHJvbWUqEQgBEEUYJxg7GOMCGIAEGIoFMhgIABAuGCcYrwEYxwEYugIYgAQYigUYjgUyEQgBEEUYJxg7GOMCGIAEGIoFMgYIAhBFGD0yBggDEEUYOTIHCAQQABiABDIHCAUQABiABDIHCAYQABiABDIHCAcQABiABDIHCAgQABiABDIHCAkQABiABNIBCDI4NTNqMGo0qAITsAIB4gMEGAEgX_EFxfVTymWmw3U%2526hl%253Dit%2526sourceid%253Dchrome-mobile%2526ie%253DUTF-8%26ihs%3D3&#038;sig=a6236653b43d5a0c65419139c197f1a15eec3c47cd498abc19082f04b34f9bf9\" target=\"_blank\">\n\t\t\t\t\t\t<span class=\"elementor-button-content-wrapper\">\n\t\t\t\t\t\t<span class=\"elementor-button-icon\">\n\t\t\t\t<svg xmlns=\"http:\/\/www.w3.org\/2000\/svg\" width=\"35\" height=\"35\" viewBox=\"0 0 35 35\" fill=\"none\"><path d=\"M18.981 0.88916C13.5475 0.88916 8.74919 3.71172 5.96191 7.94556H6.03248C7.23207 7.94556 8.36109 8.4395 9.17257 9.25099C11.3601 6.21674 14.9588 4.27623 18.981 4.27623C25.6845 4.27623 31.118 9.70966 31.118 16.4132C31.118 20.4354 29.1422 24.0341 26.1432 26.2216C26.7077 26.7509 27.0958 27.4212 27.3075 28.1974C27.4134 28.6208 27.4486 29.0089 27.4486 29.4323C31.7178 26.645 34.505 21.8467 34.505 16.4132C34.505 7.87499 27.5545 0.88916 18.981 0.88916Z\" fill=\"white\"><\/path><path d=\"M24.52 14.7196H20.639V9.60369C20.639 8.65108 19.8628 7.91016 18.9455 7.91016C17.9929 7.91016 17.252 8.68636 17.252 9.60369V16.4484C17.252 17.401 18.0282 18.1419 18.9455 18.1419H24.4848C25.4374 18.1419 26.1783 17.3657 26.1783 16.4484C26.2136 15.4958 25.4374 14.7196 24.52 14.7196Z\" fill=\"white\"><\/path><path d=\"M23.6383 27.9505L18.8399 25.4808C18.1696 25.128 17.3228 25.3044 16.8641 25.9042L15.1 28.1622C13.3712 27.2449 12.0658 26.3629 10.5487 24.8457C8.9257 23.2228 8.07894 21.9173 7.19689 20.2238L9.41965 18.495C10.0194 18.0363 10.1959 17.1895 9.84304 16.5192L7.3733 11.7561C6.94991 10.9093 5.85617 10.6271 5.07997 11.1563L2.01043 13.2027C1.3048 13.6613 0.881411 14.5081 0.951975 15.3549C1.02254 16.2369 1.12839 17.3307 1.3048 18.1069C2.18684 21.5292 4.33905 25.0574 7.33801 28.0564C10.337 31.0554 13.8652 33.2076 17.2875 34.0896C18.0637 34.3013 19.1575 34.4071 20.0395 34.4424C20.8863 34.513 21.7331 34.0896 22.1917 33.3487L24.1675 30.2439C24.7673 29.4324 24.4851 28.3739 23.6383 27.9505Z\" fill=\"white\"><\/path><\/svg>\t\t\t<\/span>\n\t\t\t\t\t\t\t\t\t<span class=\"elementor-button-text\">Prenotazioni<\/span>\n\t\t\t\t\t<\/span>\n\t\t\t\t\t<\/a>\n\t\t\t\t<\/div>\n\t\t\t\t\t\t\t\t<\/div>\n\t\t\t\t<\/div>\n\t\t\t\t<\/div>\n\t\t<div class=\"elementor-element elementor-element-1d5aab4 e-con-full e-flex e-con e-parent\" data-id=\"1d5aab4\" data-element_type=\"container\" data-e-type=\"container\" data-settings=\"{&quot;background_background&quot;:&quot;classic&quot;}\">\n\t\t\t\t<div class=\"elementor-element elementor-element-5cee7bc elementor-widget__width-initial elementor-widget elementor-widget-heading\" data-id=\"5cee7bc\" data-element_type=\"widget\" data-e-type=\"widget\" data-widget_type=\"heading.default\">\n\t\t\t\t<div class=\"elementor-widget-container\">\n\t\t\t\t\t<h2 class=\"elementor-heading-title elementor-size-default\">La nostra storia \u00e8 fatta di impegno quotidiano e soddisfazioni: dal primo giorno in cui abbiamo <\/h2>\t\t\t\t<\/div>\n\t\t\t\t<\/div>\n\t\t\t\t<div class=\"elementor-element elementor-element-185c04b elementor-widget__width-initial elementor-widget elementor-widget-heading\" data-id=\"185c04b\" data-element_type=\"widget\" data-e-type=\"widget\" data-widget_type=\"heading.default\">\n\t\t\t\t<div class=\"elementor-widget-container\">\n\t\t\t\t\t<h2 class=\"elementor-heading-title elementor-size-default\">acceso il forno a legna e varcato la soglia con i primi clienti, fino alle serate con il locale al completo, ogni momento ci ricorda perch\u00e9 facciamo questo mestiere. Passione, qualit\u00e0 e tradizione sono i valori che ci guidano. Continuiamo a innovare il men\u00f9 rispettando le ricette di una volta, convinti che la vera cucina nasca dal cuore e dall\u2019entusiasmo di chi la prepara. Dopo anni di attivit\u00e0, possiamo dire con orgoglio che L\u2019Intingolo Astesano \u00e8 pi\u00f9 di un ristorante: \u00e8 una famiglia, la nostra, che accoglie la vostra per farvi gustare il meglio della cucina astigiana in un ambiente sincero e curato.\n<\/h2>\t\t\t\t<\/div>\n\t\t\t\t<\/div>\n\t\t\t\t<div class=\"elementor-element elementor-element-20011e9 elementor-align-center elementor-widget elementor-widget-button\" data-id=\"20011e9\" data-element_type=\"widget\" data-e-type=\"widget\" data-widget_type=\"button.default\">\n\t\t\t\t<div class=\"elementor-widget-container\">\n\t\t\t\t\t\t\t\t\t<div class=\"elementor-button-wrapper\">\n\t\t\t\t\t<a class=\"elementor-button elementor-button-link elementor-size-sm\" href=\"https:\/\/www.freelancer.pk\/users\/l.php?url=https:%2F%2Fwww.google.com%2Fmaps%2Freserve%2Fv%2Fdine%2Fc%2Fni5JY6fhV98%3Fsource%3Dpa%26opi%3D89978449%26hl%3Dit-IT%26gei%3D_TcqaOE4m6OL6A_1tqCBCQ%26sourceurl%3Dhttps%253A%252F%252Fwww.google.com%252Fsearch%253Fq%253Dl%2527intingolo%252Bastesano%2526rlz%253D1CDGOYI_enDO1143DO1143%2526oq%253Dl%2527inti%2526gs_lcrp%253DEgZjaHJvbWUqEQgBEEUYJxg7GOMCGIAEGIoFMhgIABAuGCcYrwEYxwEYugIYgAQYigUYjgUyEQgBEEUYJxg7GOMCGIAEGIoFMgYIAhBFGD0yBggDEEUYOTIHCAQQABiABDIHCAUQABiABDIHCAYQABiABDIHCAcQABiABDIHCAgQABiABDIHCAkQABiABNIBCDI4NTNqMGo0qAITsAIB4gMEGAEgX_EFxfVTymWmw3U%2526hl%253Dit%2526sourceid%253Dchrome-mobile%2526ie%253DUTF-8%26ihs%3D3&#038;sig=a6236653b43d5a0c65419139c197f1a15eec3c47cd498abc19082f04b34f9bf9\" target=\"_blank\">\n\t\t\t\t\t\t<span class=\"elementor-button-content-wrapper\">\n\t\t\t\t\t\t<span class=\"elementor-button-icon\">\n\t\t\t\t<svg xmlns=\"http:\/\/www.w3.org\/2000\/svg\" width=\"35\" height=\"35\" viewBox=\"0 0 35 35\" fill=\"none\"><path d=\"M18.981 0.88916C13.5475 0.88916 8.74919 3.71172 5.96191 7.94556H6.03248C7.23207 7.94556 8.36109 8.4395 9.17257 9.25099C11.3601 6.21674 14.9588 4.27623 18.981 4.27623C25.6845 4.27623 31.118 9.70966 31.118 16.4132C31.118 20.4354 29.1422 24.0341 26.1432 26.2216C26.7077 26.7509 27.0958 27.4212 27.3075 28.1974C27.4134 28.6208 27.4486 29.0089 27.4486 29.4323C31.7178 26.645 34.505 21.8467 34.505 16.4132C34.505 7.87499 27.5545 0.88916 18.981 0.88916Z\" fill=\"white\"><\/path><path d=\"M24.52 14.7196H20.639V9.60369C20.639 8.65108 19.8628 7.91016 18.9455 7.91016C17.9929 7.91016 17.252 8.68636 17.252 9.60369V16.4484C17.252 17.401 18.0282 18.1419 18.9455 18.1419H24.4848C25.4374 18.1419 26.1783 17.3657 26.1783 16.4484C26.2136 15.4958 25.4374 14.7196 24.52 14.7196Z\" fill=\"white\"><\/path><path d=\"M23.6383 27.9505L18.8399 25.4808C18.1696 25.128 17.3228 25.3044 16.8641 25.9042L15.1 28.1622C13.3712 27.2449 12.0658 26.3629 10.5487 24.8457C8.9257 23.2228 8.07894 21.9173 7.19689 20.2238L9.41965 18.495C10.0194 18.0363 10.1959 17.1895 9.84304 16.5192L7.3733 11.7561C6.94991 10.9093 5.85617 10.6271 5.07997 11.1563L2.01043 13.2027C1.3048 13.6613 0.881411 14.5081 0.951975 15.3549C1.02254 16.2369 1.12839 17.3307 1.3048 18.1069C2.18684 21.5292 4.33905 25.0574 7.33801 28.0564C10.337 31.0554 13.8652 33.2076 17.2875 34.0896C18.0637 34.3013 19.1575 34.4071 20.0395 34.4424C20.8863 34.513 21.7331 34.0896 22.1917 33.3487L24.1675 30.2439C24.7673 29.4324 24.4851 28.3739 23.6383 27.9505Z\" fill=\"white\"><\/path><\/svg>\t\t\t<\/span>\n\t\t\t\t\t\t\t\t\t<span class=\"elementor-button-text\">Prenotazioni<\/span>\n\t\t\t\t\t<\/span>\n\t\t\t\t\t<\/a>\n\t\t\t\t<\/div>\n\t\t\t\t\t\t\t\t<\/div>\n\t\t\t\t<\/div>\n\t\t\t\t<\/div>\n\t\t\t\t<\/div>\n\t\t","protected":false},"excerpt":{"rendered":"<p>Chi Siamo L\u2019Intingolo Astesano nasce nel gennaio 2015 Prenotazioni L\u2019Intingolo Astesano nasce nel gennaio 2015 Francisco e Mara, hanno trasformato [&hellip;]<\/p>\n","protected":false},"author":1,"featured_media":0,"parent":0,"menu_order":0,"comment_status":"closed","ping_status":"closed","template":"","meta":{"site-sidebar-layout":"no-sidebar","site-content-layout":"","ast-site-content-layout":"full-width-container","site-content-style":"default","site-sidebar-style":"default","ast-global-header-display":"","ast-banner-title-visibility":"","ast-main-header-display":"","ast-hfb-above-header-display":"","ast-hfb-below-header-display":"","ast-hfb-mobile-header-display":"","site-post-title":"disabled","ast-breadcrumbs-content":"","ast-featured-img":"disabled","footer-sml-layout":"","ast-disable-related-posts":"","theme-transparent-header-meta":"","adv-header-id-meta":"","stick-header-meta":"","header-above-stick-meta":"","header-main-stick-meta":"","header-below-stick-meta":"","astra-migrate-meta-layouts":"default","ast-page-background-enabled":"default","ast-page-background-meta":{"desktop":{"background-color":"var(--ast-global-color-5)","background-image":"","background-repeat":"repeat","background-position":"center center","background-size":"auto","background-attachment":"scroll","background-type":"","background-media":"","overlay-type":"","overlay-color":"","overlay-opacity":"","overlay-gradient":""},"tablet":{"background-color":"","background-image":"","background-repeat":"repeat","background-position":"center center","background-size":"auto","background-attachment":"scroll","background-type":"","background-media":"","overlay-type":"","overlay-color":"","overlay-opacity":"","overlay-gradient":""},"mobile":{"background-color":"","background-image":"","background-repeat":"repeat","background-position":"center center","background-size":"auto","background-attachment":"scroll","background-type":"","background-media":"","overlay-type":"","overlay-color":"","overlay-opacity":"","overlay-gradient":""}},"ast-content-background-meta":{"desktop":{"background-color":"var(--ast-global-color-4)","background-image":"","background-repeat":"repeat","background-position":"center center","background-size":"auto","background-attachment":"scroll","background-type":"","background-media":"","overlay-type":"","overlay-color":"","overlay-opacity":"","overlay-gradient":""},"tablet":{"background-color":"var(--ast-global-color-4)","background-image":"","background-repeat":"repeat","background-position":"center center","background-size":"auto","background-attachment":"scroll","background-type":"","background-media":"","overlay-type":"","overlay-color":"","overlay-opacity":"","overlay-gradient":""},"mobile":{"background-color":"var(--ast-global-color-4)","background-image":"","background-repeat":"repeat","background-position":"center center","background-size":"auto","background-attachment":"scroll","background-type":"","background-media":"","overlay-type":"","overlay-color":"","overlay-opacity":"","overlay-gradient":""}},"footnotes":""},"class_list":["post-231","page","type-page","status-publish","hentry"],"_links":{"self":[{"href":"https:\/\/lintingolo.it\/index.php\/wp-json\/wp\/v2\/pages\/231","targetHints":{"allow":["GET"]}}],"collection":[{"href":"https:\/\/lintingolo.it\/index.php\/wp-json\/wp\/v2\/pages"}],"about":[{"href":"https:\/\/lintingolo.it\/index.php\/wp-json\/wp\/v2\/types\/page"}],"author":[{"embeddable":true,"href":"https:\/\/lintingolo.it\/index.php\/wp-json\/wp\/v2\/users\/1"}],"replies":[{"embeddable":true,"href":"https:\/\/lintingolo.it\/index.php\/wp-json\/wp\/v2\/comments?post=231"}],"version-history":[{"count":16,"href":"https:\/\/lintingolo.it\/index.php\/wp-json\/wp\/v2\/pages\/231\/revisions"}],"predecessor-version":[{"id":434,"href":"https:\/\/lintingolo.it\/index.php\/wp-json\/wp\/v2\/pages\/231\/revisions\/434"}],"wp:attachment":[{"href":"https:\/\/lintingolo.it\/index.php\/wp-json\/wp\/v2\/media?parent=231"}],"curies":[{"name":"wp","href":"https:\/\/api.w.org\/{rel}","templated":true}]}}